a be -2 - (-5)/(5/2). Let l(n) = n**3 + 60. Let x be l(a). What is the greatest common factor of x and s?
20
Let o be 39/91 + 1285/7. Let m be ((-28)/(-16))/(2/o). Suppose -3*f + 77 = 8. What is the highest common divisor of f and m?
23
Suppose 15*y = 4264 + 311. What is the greatest common factor of 61 and y?
61
Let z be (7/2 - (3 + 1))*-4. Suppose j = -z*a + 40, 100 = 3*j - a + 3*a. Calculate the greatest common divisor of j and 50.
10
Suppose 121 + 53 = 3*b. Let i be b - 2/2*2. Suppose -s + i + 21 = 0. Calculate the greatest common factor of 11 and s.
11
Suppose -20 = 10*h - 6*h. Let r be 39 - ((-4)/4 - h). What is the highest common divisor of 245 and r?
35
Let f(r) = -r - 3. Let c be f(1). Let m be (-3)/((-2)/c + -1). What is the highest common factor of 18 and m?
6
Let x = -20 + 23. Suppose -q - z = 2 - 0, -22 = -x*q + 4*z. Calculate the highest common divisor of 14 and q.
2
Suppose 5*d + 1240 = 2*z, 2*z + 3*d + 2*d = 1220. Calculate the highest common factor of z and 105.
15
Suppose -45*z + 114817 = -7088. Calculate the highest common divisor of 126 and z.
63
Let h be 14/1*(-69)/6. Let t = -84 - h. What is the highest common divisor of t and 11?
11
Suppose -2*n + 6*n - 40 = 0. Suppose c = -c + n. Let k = 22 - c. What is the greatest common factor of 17 and k?
17
Let l be 6/1*1/2. Suppose -l*q - 2*q + 30 = 5*p, -5*q + 5*p = 20. Calculate the greatest common divisor of 7 and q.
1
Suppose -142*v = -129*v - 2496. Let k(j) = -j**2 - j + 12. Let y be k(0). Calculate the highest common factor of v and y.
12
Let a(t) = -t**2 - 18*t - 6. Suppose -7*u - 90 = -u. Let h be a(u). Let n = -23 + h. Calculate the highest common factor of n and 144.
16
Suppose 5*q + 0*q - 50 = 0. Let v be (-3)/6 + 815/q. Calculate the greatest common factor of v and 54.
27
Suppose 0 = 5*n + 5556 - 6336. What is the greatest common factor of n and 1248?
156
Suppose 2*y - 3*v + 0*v - 709 = 0, y - 4*v - 362 = 0. Calculate the greatest common divisor of 50 and y.
50
Let l be 0/(-4) + 0 + -15. Let h be ((-10)/(-6) - 2)/((-1)/(-18)). Let r be (l + 1)*3/h. What is the greatest common divisor of r and 63?
7
Suppose -7*n + 11*n - 12 = 0. Let o be (-234)/27 - 2/(-3). Let d be -21*(2 + o/n). What is the greatest common divisor of d and 35?
7
Suppose 2*r + 0*h = 2*h + 8, -15 = 5*h. Let x be -2 - 0/r - (-10 - 0). Calculate the greatest common divisor of x and 72.
8
Let z(x) = -x**2 - 4*x + 1. Let y be z(-5). Let p be (-38)/(-1) + y/1. Suppose 0 = 16*l - 19*l + 153. Calculate the highest common divisor of l and p.
17
Let m = 17 - 218. Let n = 366 + m. Calculate the greatest common factor of n and 15.
15
Let v be -12 - -8 - -3 - -40. Calculate the highest common divisor of v and 9.
3
Suppose -2*k + 0*k + 54 = 0. Suppose s - k = -3. Let a = s + 41. Calculate the greatest common divisor of a and 13.
13
Suppose -i = 2*a - 57, -4 + 14 = 2*a. Calculate the greatest common factor of 188 and i.
47
Suppose -2*u - 4*h = -100, 4*u + 8*h - 7*h - 221 = 0. Calculate the greatest common factor of 364 and u.
28
Suppose -2*t - 50 = 10. Let u be (-46)/5*t/12. What is the greatest common divisor of u and 92?
23
Suppose 15*x - 9*x + 30 = 8*x. Let q be 4/((-6)/3)*-5. Calculate the highest common factor of q and x.
5
Suppose 11*b - 7605 = 6*b. Suppose 5*f + w - 1565 - 341 = 0, 4*f - 3*w = b. Let g = -229 + f. Calculate the greatest common divisor of 19 and g.
19
Suppose 0*d = -3*d. Suppose v - 2*p = 51, -5*v + d*v + p + 282 = 0. Let l = v - -3. Calculate the highest common factor of 12 and l.
12
Let q = -10 - -21. Suppose q - 3 = h. Calculate the greatest common factor of 40 and h.
8
Suppose 4*s + s = 580. Let o be s - -1 - 6/3. Let a be 7700/168 - (-6)/36. What is the highest common factor of a and o?
23
Let q be (-17 - -7 - -2) + (-3)/(-1). Let i be (-3 - q)*95/1. Calculate the highest common divisor of 76 and i.
38
Let i be (-33390)/(-560) - 6/(-16). Let a(l) = -l**2 - 2*l + 6. Let r be a(-5). Let k be (r/(-27))/(2/i). What is the greatest common factor of 30 and k?
10
Let w be 308/21 - 2/(-6). Suppose -15*m - 8*m = -690. What is the highest common divisor of m and w?
15
Suppose 174420 = -568*x + 606*x. Calculate the highest common factor of 85 and x.
85
Let c = 1021 - 818. Calculate the highest common factor of c and 29.
29
Suppose -2*r + 948 = 4*g + 2*r, r + 723 = 3*g. What is the greatest common divisor of g and 30?
30
Let r = 160 - 155. Let d be ((-114)/(-5))/((-6)/(-20)). Suppose d = -r*x + 956. Calculate the highest common divisor of x and 16.
16
Let h be 97*(5/(-1) - (-13 - -6)). What is the highest common factor of 485 and h?
97
Let p(f) = 2*f**3 + 3*f**2 + f + 3. Let y be p(3). Let a = 7861 + -7832. What is the greatest common factor of a and y?
29
Let h(o) = -o**2 + o**2 - 14*o - 6 - 13*o**2 + o**3 - 13. Let s be h(14). Let y = 2 - s. What is the greatest common factor of 7 and y?
7
Suppose -2530 = -108*l - 7*l. Calculate the highest common divisor of l and 22.
22
Suppose 32 = w - 8. Suppose -w = o - 3*o. Let q be ((-5)/(-3) + 1)/(54/2025). What is the highest common factor of q and o?
20
Suppose 4*f + 156 = 4*a, 4*f - 168 = -8*a + 3*a. Calculate the highest common factor of 12 and a.
12
Suppose 8*o + 84 = 5*o. Let v = o - -22. Let k = v - -15. Calculate the greatest common divisor of 99 and k.
9
Let c be (-493 + 1)*3/(-4). Let n be (-99)/(-8 + -1) - -30. What is the greatest common factor of c and n?
41
Let w(y) = 2*y**3 - 19*y**2 + 12*y + 13. Let t be w(9). Calculate the greatest common factor of t and 72.
8
Suppose c + 2*c = 27. Suppose -c = 5*y - 8*y. Let z(l) = -l**3 - 2*l**2 + 2. Let m be z(0). Calculate the greatest common factor of y and m.
1
Suppose -5*i + 203 = -4*w + 35, 3*w - 154 = -5*i. What is the greatest common divisor of i and 1?
1
Let b(u) = -u**3 + 6*u**2 + 12. Let v be b(6). Let f(h) = 5*h + 2. Let g be f(2). Calculate the greatest common divisor of v and g.
12
Let q = -127 + 195. Calculate the greatest common factor of q and 204.
68
Let k = -37 + 63. Suppose 3*z = -4*p + 43, -5*p - 5*z + 29 = -k. Let o be 10*(64/p - -2). What is the highest common divisor of 14 and o?
14
Let z(k) = 5*k - 5. Let i be z(5). Let n(y) = 3*y**3 - 8*y**2 - 8*y + 5. Let u be n(5). Calculate the highest common divisor of i and u.
20
Let i(r) = -r**2 + 9*r + 12. Let m be i(10). Let q = 18 - m. Suppose 0 = -4*k - 0*k + 96. Calculate the greatest common factor of q and k.
8
Let l(i) = -5*i**3 - 18*i**2 + 5*i - 6. Let v be l(-5). Calculate the greatest common divisor of 9 and v.
9
Let v(h) = -3*h**3 - 2*h**2 - 4. Let t be v(-2). Suppose -92 = -g - t. What is the greatest common divisor of g and 20?
20
Let o = 808 + 136. What is the greatest common factor of 24 and o?
8
Let y be 528/42 - (-76)/(-133). Calculate the highest common factor of 20 and y.
4
Let s be (-7)/((-126)/162) - (3 + -1). What is the highest common factor of s and 294?
7
Let j = -86 + 257. What is the greatest common factor of j and 27?
9
Let x be (0 - 4) + 0 - -6. Suppose 6 = x*n, -4*z + 14 = 5*n - 121. What is the greatest common divisor of 12 and z?
6
Let v be -44*((-21)/(-12) - 1). Let i be -5*(-15 + 0 + 0). Let p = v + i. Calculate the greatest common factor of p and 21.
21
Let f = -77 + 172. Calculate the greatest common divisor of 19 and f.
19
Let h(y) = -4*y + 80. Let m be h(-2). What is the greatest common factor of 77 and m?
11
Suppose 11*w - 1484 = 2146. What is the highest common divisor of w and 66?
66
Let j(g) = 2*g - 1. Let s be j(7). Let h = s + -2. Let k(m) = -7*m - 6. Let c be k(-4). What is the greatest common divisor of h and c?
11
Suppose 0 = 2*h + 7 + 5. Let d be h*(2 - 8/3). Let c be (-12)/(-3) - d - -11. Calculate the greatest common factor of c and 11.
11
Suppose -74*f + 2546 = -36*f. What is the greatest common divisor of 1 and f?
1
Suppose 4*y = -u + 276, 4*u - y - 958 = 95. Calculate the greatest common factor of u and 220.
44
Suppose 0 = z - 5*q + 11, -2*q + 4*q + 6 = 3*z. Suppose 5*u + 46 + 8 = f, -141 = -z*f + 5*u. What is the highest common divisor of f and 203?
29
Let i be 30/20 + 11627/14. Calculate the greatest common factor of i and 13.
13
Suppose -n - 2*q = -7*q + 5, q + 17 = 2*n. Suppose 15*f - 180 = n*f. What is the highest common divisor of f and 24?
12
Suppose 24*a - 5184 = -48*a. What is